p is divided by 9.
7
Suppose -7*g = -p - 2*g - 9, 4*g + 46 = -3*p. Let b(l) = -l**2 - 14*l + 10. Calculate the remainder when b(p) is divided by 4.
2
Let p = 1097 + -1075. What is the remainder when 391 is divided by p?
17
Let w(c) = -c**2 - 6*c - 5. Let s be w(-2). Suppose -s*f = 24 - 69. Calculate the remainder when 534/9 - (-3)/(-9) is divided by f.
14
Let u = 500 + -463. What is the remainder when 129 is divided by u?
18
Suppose -10*a + 186 = -4*a. Suppose 345 = -a*s + 36*s. What is the remainder when s is divided by 37?
32
Suppose -4*k + 2*z = -794, 4*z + 433 - 1221 = -4*k. Calculate the remainder when k is divided by 104.
94
Suppose -99*r = -70*r - 957. Suppose -g + 7 = -5. Calculate the remainder when r is divided by g.
9
What is the remainder when -26*11/44*-66 is divided by 18?
15
Calculate the remainder when 50 is divided by ((-200)/(-30) + -6)*(-27)/(-2).
5
What is the remainder when (-7)/(147/1098)*-14 is divided by 23?
19
Suppose 245 = -6*i + 341. What is the remainder when 1182 is divided by i?
14
Suppose -6*g - 7*o - 256 = -9*g, -3*o = -g + 84. What is the remainder when 2337 is divided by g?
87
Suppose -2512 = -93*p + 77*p. Calculate the remainder when p is divided by 18.
13
Calculate the remainder when (1 - -2) + 228 + 60 is divided by 100.
91
Suppose 0 = 4*j - 20, -j + 53 = 2*a - 6*j. Calculate the remainder when a is divided by 11.
6
What is the remainder when 298 is divided by (-1 - -2) + 29/((-522)/(-1332))?
73
Let n = 600 + -593. Let k be (-3)/9 + (-16)/(-3). Suppose -k*l + 11 = 4*z - 2, -z - 8 = -l. Calculate the remainder when n is divided by l.
2
Let r(i) = 6*i**2 - i + 2. Let y = -29 - -31. Calculate the remainder when 94 is divided by r(y).
22
Let k(h) = 2*h + 5. Suppose m = -0*m - 7. Let r(z) = -z + 1. Let b be r(m). What is the remainder when 39 is divided by k(b)?
18
Suppose 0 = 9*w + 35*w - 616. Calculate the remainder when 123 is divided by w.
11
Let p(h) = -h**3 - 7*h**2 - 8*h - 3. Calculate the remainder when (87/(-7) + 9)*-7 is divided by p(-6).
6
Suppose 63 = 5*x + h, -2*x + x + 19 = -3*h. Suppose 0*o - 3*o - 4*k + 149 = 0, 2*k + 155 = 3*o. What is the remainder when o is divided by x?
12
Let g = -66 - -73. Let j(m) = -m**2 + 17*m + 8. What is the remainder when j(13) is divided by g?
4
Suppose 55*b = 57*b - 16. Calculate the remainder when 197 is divided by b.
5
Let u = -19 + 21. Let s = 2 + u. What is the remainder when s is divided by 3?
1
Suppose 2*g - h = 7*g - 54, -2*g + 21 = h. Let n = -6426 - -6466. Calculate the remainder when n is divided by g.
7
Suppose 201 = 3*o - 90. Let u = -80 + o. Calculate the remainder when 98 is divided by u.
13
Let g(f) = 41*f**3 - f - 4. Let i be g(3). Suppose 750 = -5*c - i. What is the remainder when (-3)/2*c/15 is divided by 13?
11
Let r(n) = 10*n**2 + 5*n + 5. Calculate the remainder when 108 is divided by r(-2).
3
Suppose 3*c - c - 10 = 0. Suppose -b + c*b = -16, -u + 57 = 3*b. What is the remainder when u is divided by 35?
34
Let r(b) = -12*b**3 - b**2 + 1. Calculate the remainder when 67 is divided by r(-1).
7
Let n(r) = -35 + 2*r + r - 21. Calculate the remainder when n(23) is divided by (-16)/((-4)/(-2))*-1.
5
Let t(w) = -2*w**3 - 3*w**2 + w - 9. Calculate the remainder when t(-4) is divided by 38.
29
Suppose 4*z = -l - 12, -2*l + 0*z - 3*z = 4. Let v = 10 - l. Suppose v*u = 8*u - 18. Calculate the remainder when 24 is divided by u.
6
Let n(q) = 3*q**3 - 7*q**2 + 11*q + 4. Let l(z) = -2*z**3 + 6*z**2 - 11*z - 4. Let f(x) = 4*l(x) + 3*n(x). Calculate the remainder when 1 is divided by f(-5).
0
What is the remainder when 44 is divided by 132/10 - (7 + 374/(-55))?
5
Let f be 2/3 - 28/(-3). Let l = -1 + f. Let y = 0 + l. Calculate the remainder when 24 is divided by y.
6
Let y = 4113 + -4090. What is the remainder when (-227)/2*2/(-1) is divided by y?
20
Suppose 3*q - 60 = q. Let o = q - 16. Let b = -53 + 61. What is the remainder when o is divided by b?
6
Suppose 0 = 88*z - 85*z - 111. Calculate the remainder when 135 is divided by z.
24
Let n = 1504 + -784. Suppose 20 = -10*v + n. What is the remainder when v is divided by 18?
16
Let x = 187 + -160. Suppose -2*c - 2*c = -40. What is the remainder when x is divided by c?
7
Let t(i) = -7 - 5*i + 31*i**2 + 24*i**2 - 54*i**2. What is the remainder when 17 is divided by t(-2)?
3
Suppose -3*n + 2*s = 2*n - 261, 5*s = -n + 36. Let b = 23658 - 23646. Calculate the remainder when n is divided by b.
3
Let n be 9/15 - (-2 + (-527)/5). Suppose 5*s = -w + 192, 0 = -s + 4*s - 3*w - n. What is the remainder when s is divided by 0 + 13 + 1 + -1?
12
Suppose s - 2*k - 2 - 8 = 0, 5*s = -k + 6. What is the remainder when s + (3 - -53) + -3 is divided by 19?
17
Let l(a) = -a**3 - 6*a**2 + 4*a + 2. Suppose -3*q + 5*w = -0*q - 252, 166 = 2*q - 4*w. What is the remainder when q is divided by l(-7)?
20
Suppose 5*q + 25 - 69 = -2*b, 0 = 4*b - 5*q - 28. What is the remainder when 51 is divided by b?
3
Let f(t) = 14*t**2 - 2*t - 5. Let h(o) = 445*o + 944. Calculate the remainder when f(4) is divided by h(-2).
49
Let d = -5 - -5. Suppose d = -2*m - 5*c + 195, -m - c - 3*c = -105. Calculate the remainder when m is divided by 22.
19
What is the remainder when 861 is divided by 2960/110 - (-6)/66?
24
Suppose 22 + 8 = -6*q. Let x = 9 + q. Let t = -17 - -31. What is the remainder when t is divided by x?
2
Let o = -32 - -69. Suppose 0 = 4*a, 0 = -2*j - j - 4*a. Suppose -5*s + 3*p - p = -60, j = -s - p + 5. What is the remainder when o is divided by s?
7
Let g be -26*(-4)/2 - 0. Let w = 73 - g. Suppose -3*k - 21 + 144 = 4*d, 41 = k + 3*d. What is the remainder when k is divided by w?
20
Let x(w) = -3*w**3 + w**2 + 13. Suppose 0 = i + 5*d - 65, -i - d + 33 = -20. What is the remainder when i is divided by x(0)?
11
Let m(r) = r**2 + 2*r + 2. Let i be m(-1). Suppose 11 = q + i. What is the remainder when q is divided by 2?
0
Let m = -48 - -116. Let l be -1 - 1 - (1 - 22). Let h = l + 4. What is the remainder when m is divided by h?
22
Let n(y) = -7*y**3 - 1. Let v(o) = o + 5*o - 5*o + 6 + 0. What is the remainder when v(5) is divided by n(-1)?
5
Let m(z) = z + 20. Let g(b) = b + 41. Let u(w) = 3*g(w) - 7*m(w). Calculate the remainder when u(-9) is divided by 11.
8
Let v(r) = 3*r**2 - 34*r + 18. What is the remainder when 298 is divided by v(11)?
4
Let d(w) = 175*w**2 - 4 - 16*w**2 + 5 - 3*w. Calculate the remainder when d(1) is divided by 40.
37
Let y(c) = -c**3 - c + 6. Suppose q + 5 - 10 = 0. Suppose 0 = q*d + 20, -5*d = -7*l + 2*l + 65. What is the remainder when l is divided by y(0)?
3
Suppose -5*d = 116 - 336. Suppose -19 = -16*b + 125. What is the remainder when d is divided by b?
8
Let k(y) = 4*y**2 - 10*y + 21. Calculate the remainder when k(6) is divided by 53.
52
Suppose -89 = -2*y - 7. Suppose -j - 5*b = -8*b - 36, 26 = j - b. Calculate the remainder when (-1)/(-1)*1*y is divided by j.
20
Let z = 48 - 1. Let y = -74 - -23. Let s = y - -75. Calculate the remainder when z is divided by s.
23
What is the remainder when (13 + -11 + 4)*118/12 is divided by 20?
19
Let u = -84 - -121. Suppose u*v = 38*v - 71. Let f(c) = c**3 - 3*c**2 - 4*c - 6. Calculate the remainder when v is divided by f(5).
23
Let v = -10 + 27. Suppose 3*k - 4*k = 0. Suppose 196 = -k*b + 4*b. Calculate the remainder when b is divided by v.
15
Let a = -259 - -473. What is the remainder when a is divided by 32?
22
Let p(w) = 5*w - 38. What is the remainder when 513 is divided by p(15)?
32
Suppose 8 = 2*h + 2*c - 6, -5*h - 15 = -5*c. Calculate the remainder when 504/35 + 6/(-15) is divided by h*(21/6 + -1).
4
Let s(u) = u**2 - 36*u + 18. What is the remainder when 23 is divided by s(0)?
5
Suppose 42*j - 10*j - 165 - 251 = 0. Let v = 3 + -9. What is the remainder when (-2)/6 - 218/v is divided by j?
10
Suppose -2*h = -3*x - 118, -2*h = -5*x - 81 - 33. Calculate the remainder when h is divided by 51.
11
Let q = 8 + -7. Let h(f) = 7*f**2 - 1. Suppose 3*j = -21 + 84. What is the remainder when j is divided by h(q)?
3
Let o = -27 + 41. Let t(f) = f - 7. What is the remainder when 33 is divided by t(o)?
5
Let z(o) = -o**2 + 13*o + 727. Calculate the remainder when 191 is divided by z(33).
57
Suppose -18 = 2*y - 3*y + 2*p, -4*y + 5*p + 69 = 0. Suppose 17*u - y*u = 32. Calculate the 